of 9195527?
5
What is the units digit of 180681?
1
What is the ten thousands digit of 602515?
0
What is the tens digit of 2063789?
8
What is the hundreds digit of 655891?
8
What is the ten millions digit of 34943010?
3
What is the tens digit of 2364178?
7
What is the hundred thousands digit of 11921517?
9
What is the units digit of 12391351?
1
What is the hundreds digit of 956?
9
What is the thousands digit of 180229?
0
What is the ten thousands digit of 468900?
6
What is the thousands digit of 542792?
2
What is the hundreds digit of 1813552?
5
What is the thousands digit of 15261668?
1
What is the ten thousands digit of 1078701?
7
What is the ten thousands digit of 193646?
9
What is the hundred thousands digit of 274490?
2
What is the thousands digit of 277029?
7
What is the hundred thousands digit of 20235658?
2
What is the millions digit of 1613083?
1
What is the tens digit of 1481277?
7
What is the tens digit of 4431042?
4
What is the tens digit of 3814992?
9
What is the hundred thousands digit of 2383050?
3
What is the units digit of 18547?
7
What is the hundred thousands digit of 486814?
4
What is the units digit of 19336435?
5
What is the hundreds digit of 10863300?
3
What is the hundreds digit of 1265757?
7
What is the thousands digit of 5660879?
0
What is the units digit of 259872?
2
What is the tens digit of 262712?
1
What is the hundred thousands digit of 1125793?
1
What is the tens digit of 889819?
1
What is the thousands digit of 9810214?
0
What is the hundred thousands digit of 144662?
1
What is the hundreds digit of 2258435?
4
What is the ten thousands digit of 13510672?
1
What is the hundred thousands digit of 23844079?
8
What is the tens digit of 479357?
5
What is the hundreds digit of 6155764?
7
What is the tens digit of 813592?
9
What is the units digit of 484499?
9
What is the tens digit of 644890?
9
What is the millions digit of 3660449?
3
What is the thousands digit of 1480607?
0
What is the thousands digit of 21690731?
0
What is the thousands digit of 383743?
3
What is the tens digit of 2209516?
1
What is the units digit of 627251?
1
What is the thousands digit of 15253585?
3
What is the hundreds digit of 918212?
2
What is the millions digit of 1530174?
1
What is the tens digit of 11050558?
5
What is the ten thousands digit of 524442?
2
What is the hundred thousands digit of 8954217?
9
What is the ten thousands digit of 4921747?
2
What is the units digit of 4587683?
3
What is the ten thousands digit of 143362?
4
What is the ten thousands digit of 3743173?
4
What is the hundred thousands digit of 2137612?
1
What is the units digit of 15979?
9
What is the tens digit of 4055951?
5
What is the tens digit of 14866?
6
What is the millions digit of 3504819?
3
What is the hundreds digit of 2601831?
8
What is the millions digit of 38699422?
8
What is the thousands digit of 511111?
1
What is the tens digit of 84270?
7
What is the tens digit of 661930?
3
What is the tens digit of 101852?
5
What is the tens digit of 196324?
2
What is the tens digit of 1201154?
5
What is the units digit of 7946030?
0
What is the hundreds digit of 351997?
9
What is the hundred thousands digit of 11862366?
8
What is the hundred thousands digit of 6831456?
8
What is the hundred thousands digit of 304109?
3
What is the hundreds digit of 4800995?
9
What is the millions digit of 9555316?
9
What is the ten thousands digit of 93558?
9
What is the tens digit of 14376924?
2
What is the thousands digit of 5520284?
0
What is the tens digit of 22952173?
7
What is the hundred thousands digit of 4816394?
8
What is the units digit of 133368?
8
What is the units digit of 144421?
1
What is the tens digit of 675156?
5
What is the ten millions digit of 23482675?
2
What is the tens digit of 2074347?
4
What is the hundred thousands digit of 197158?
1
What is the tens digit of 30728202?
0
What is the thousands digit of 5188155?
8
What is the millions digit of 6383817?
6
What is the tens digit of 2850808?
0
What is the units digit of 2849849?
9
What is the thousands digit of 949993?
9
What is the units digit of 237487?
7
What is the hundred thousands digit of 3505735?
5
What is the hundred thousands digit of 229268?
2
What is the hundred thousands digit of 276146?
2
What is the ten thousands digit of 22187158?
8
What is the hundreds digit of 11821338?
3
What is the ten thousands digit of 364943?
6
What is the millions digit of 2488391?
2
What is the ten millions digit of 37448790?
3
What is the tens digit of 44027372?
7
What is the hundreds digit of 190603?
6
What is the thousands digit of 94949?
4
What is the units digit of 593763?
3
What is the ten thousands digit of 4268122?
6
What is the ten millions digit of 14473720?
1
What is the thousands digit of 7322?
7
What is the ten thousands digit of 8272825?
7
What is the thousands digit of 965877?
5
What is the ten thousands digit of 202653?
0
What is the units digit of 175040?
0
What is the tens digit of 25280030?
3
What is the tens digit of 1232775?
7
What is the tens digit of 6164973?
7
What is the millions digit of 5661726?
5
What is the ten thousands digit of 69854?
6
What is the hundreds digit of 9613218?
2
What is the hundred thousands digit of 15957434?
9
What is the hundreds digit of 13159437?
4
What is the hundreds digit of 34423800?
8
What is the tens digit of 58524?
2
What is the tens digit of 245927?
2
What is the tens digit of 1473049?
4
What is the ten thousands digit of 570557?
7
What is the thousands digit of 3637421?
7
What is the ten thousands digit of 11499141?
9
What is the thousands digit of 23406?
3
What is the tens digit of 31479597?
9
What is the hundred thousands digit of 4179913?
1
What is the tens digit of 11219?
1
What is the thousands digit of 563275?
3
What is the millions digit of 1098030?
1
What is the ten thousands digit of 31508758?
0
What is the tens digit of 589775?
7
What is the units digit of 4873754?
4
What is the ten thousands digit of 4664949?
6
What is the units digit of 14174?
4
What is the units digit of 2793002?
2
What is the millions digit of 8060740?
8
What is the hundred thousands digit of 748461?
7
What is the hundred thousands digit of 3524496?
5
What is the millions digit of 2374855?
2
What is the thousands digit of 494272?
4
What is the thousands digit of 4090819?
0
What is the millions digit of 2339415?
2
What is the ten thousands digit of 1420167?
2
What is the hundreds digit of 1766203?
2
What is the units digit of 283570?
0
What is the ten thousands digit of 944672?
4
What is the units digit of 138116?
6
What is the units digit of 7343134?
4
What is the tens digit of 127958?
5
What is the thousands digit of 236353?
6
What is the tens digit of 2809593?
9
What is the thousands digit of 126293?
6
What is the hundred thousands digit of 3411008?
4
What is the hundred thousands digit of 137553?
1
What is the hundred thousands digit of 265805?
2
What is the thousands digit of 30268716?
8
What is the units digit of 838829?
9
What is the hundreds digit of 3212241?
2
What is the hundred thousands digit of 489242?
4
What is the thousands digit of 23756362?
6
What is the hundred thousands digit of 4818048?
8
What is the thousands digit of 2192803?
2
What is the ten millions digit of 15826639?
1
What is the thousands digit of 288222?
8
What is the millions digit of 11834641?
1
What is the hundred thousands digit of 560341?
5
What is the ten thousands digit of 17721143?
2
What is the ten thousands digit of 77141?
7
What is the hundred thousands digit of 3744093?
7
What is the tens digit of 4020580?
8
What is the hundred thousands digit of 1019965?
0
What is the ten millions digit of 12988581?
1
What is the units digit of 209350?
0
What is the thousands digit of 295841?
5
What is the units digit of 242754?
4
What is the hundred thousands digit of 15337737?
3
What is the units digit of 2262153?
3
What is the tens digit of 2761401?
0
What is the hundred thousands digit of 2497382?
4
What is the hundreds digit of 3340475?
4
What is the thousands digit of 52526?
2
What is the ten thousands digit of 668605?
6
What is the hundreds digit of 2408382?
3
What is the tens digit of 3828874?
7
What is the hundreds digit of 25869662?
6
What is the hundred thousands digit of 684629?
6
What is 